{"id":20,"date":"2024-04-03T04:40:37","date_gmt":"2024-04-03T04:40:37","guid":{"rendered":"https:\/\/yunaasada.com\/?page_id=20"},"modified":"2025-02-10T19:07:47","modified_gmt":"2025-02-10T19:07:47","slug":"accueil","status":"publish","type":"page","link":"https:\/\/yunaasada.com\/","title":{"rendered":"Yuna Asada"},"content":{"rendered":"\n<p>Rejoignez la Constellation d&rsquo;Eve et ses cinq mondes.<\/p>\n\n\n\n<div class=\"wp-block-columns is-layout-flex wp-container-core-columns-is-layout-28f84493 wp-block-columns-is-layout-flex\">\n<div class=\"wp-block-column is-layout-flow wp-block-column-is-layout-flow\">\n<figure class=\"wp-block-image size-full\"><img loading=\"lazy\" decoding=\"async\" width=\"570\" height=\"796\" src=\"https:\/\/yunaasada.com\/wp-content\/uploads\/2024\/11\/Pre0413.jpg\" alt=\"\" class=\"wp-image-73\" srcset=\"https:\/\/yunaasada.com\/wp-content\/uploads\/2024\/11\/Pre0413.jpg 570w, https:\/\/yunaasada.com\/wp-content\/uploads\/2024\/11\/Pre0413-450x628.jpg 450w, https:\/\/yunaasada.com\/wp-content\/uploads\/2024\/11\/Pre0413-215x300.jpg 215w\" sizes=\"auto, (max-width: 570px) 100vw, 570px\" \/><\/figure>\n\n\n\n<p><strong>Une autre Terre. (tome1, 446 pages)<\/strong><\/p>\n\n\n\n<p>2058, Yuna Asada est assign\u00e9e sur Paris, une station agonisante en orbite solaire. Vou\u00e9e \u00e0 un destin hors du commun, elle sera propuls\u00e9e dans un conflit plan\u00e9taire dont la port\u00e9e s\u2019\u00e9tend bien au-del\u00e0 de la galaxie. Fid\u00e8le \u00e0 la tradition ancestrale et h\u00e9ro\u00efne discr\u00e8te de l\u2019histoire, trouvera-t-elle l\u2019\u00e9nergie de survivre dans un univers o\u00f9 chaque camp impose sa propre v\u00e9rit\u00e9? Une autre Terre, c\u2019est l\u2019aventure de douze personnes improbables et charismatiques, qui s\u2019opposent \u00e0 une guilde opprimant ses mondes. Leurs r\u00e9cits vont s\u2019entrem\u00ealer et nous faire d\u00e9couvrir les plan\u00e8tes Y\u00f4nn, Taranis, Ehlo et Eve, qui tentent \u00e0 leur tour de d\u00e9jouer ces jeux de pouvoir et de survivre co\u00fbte que co\u00fbte.<\/p>\n<\/div>\n\n\n\n<div class=\"wp-block-column is-layout-flow wp-block-column-is-layout-flow\">\n<figure class=\"wp-block-image size-full\"><img loading=\"lazy\" decoding=\"async\" width=\"567\" height=\"796\" src=\"https:\/\/yunaasada.com\/wp-content\/uploads\/2025\/01\/Volverslenfer.jpg\" alt=\"\" class=\"wp-image-115\" srcset=\"https:\/\/yunaasada.com\/wp-content\/uploads\/2025\/01\/Volverslenfer.jpg 567w, https:\/\/yunaasada.com\/wp-content\/uploads\/2025\/01\/Volverslenfer-450x632.jpg 450w, https:\/\/yunaasada.com\/wp-content\/uploads\/2025\/01\/Volverslenfer-214x300.jpg 214w\" sizes=\"auto, (max-width: 567px) 100vw, 567px\" \/><\/figure>\n\n\n\n<p><strong>Vol vers l\u2019enfer. (tome2, 512 pages)<\/strong><\/p>\n\n\n\n<p>Naufrag\u00e9e sur Aris, Yuna Asada n&rsquo;aura de cesse de chercher Bayid\u00e9, le fameux Graal cens\u00e9 ramener son \u00e9quipage sur Terre. Face \u00e0 la toute puissante constellation d\u2019Eve, l\u2019h\u00e9ro\u00efne de Paris aura-t-elle la force de poursuivre sa mission et s\u2019opposer \u00e0 l\u2019ennemi? Un vol vers l\u2019enfer, c\u2019est une cohorte ren\u00e9gate qui impose un nouvel ordre sur l\u2019univers, des m\u00e9galomanes qui se prennent pour des dieux ou encore des affrontements dans les confins de l\u2019espace. Telle une lumi\u00e8re au bout de la nuit, la doctrine du bushido sera la voie de la Japonaise au travers des mondes d\u2019Ehlo, Eve et Y\u00f4nn, l\u2019intimant d\u2019accomplir son devoir.<\/p>\n<\/div>\n\n\n\n<div class=\"wp-block-column is-layout-flow wp-block-column-is-layout-flow\" style=\"border-style:none;border-width:0px;padding-top:0;padding-right:0;padding-bottom:0;padding-left:0\">\n<figure class=\"wp-block-image size-full has-custom-border\"><img loading=\"lazy\" decoding=\"async\" width=\"567\" height=\"796\" src=\"https:\/\/yunaasada.com\/wp-content\/uploads\/2025\/01\/tome3-1.png\" alt=\"\" class=\"wp-image-113\" style=\"border-width:2px\" srcset=\"https:\/\/yunaasada.com\/wp-content\/uploads\/2025\/01\/tome3-1.png 567w, https:\/\/yunaasada.com\/wp-content\/uploads\/2025\/01\/tome3-1-450x632.png 450w, https:\/\/yunaasada.com\/wp-content\/uploads\/2025\/01\/tome3-1-214x300.png 214w\" sizes=\"auto, (max-width: 567px) 100vw, 567px\" \/><\/figure>\n<\/div>\n<\/div>\n\n\n\n<p><\/p>\n\n\n\n<p><\/p>\n\n\n\n<div class=\"wp-block-columns is-layout-flex wp-container-core-columns-is-layout-28f84493 wp-block-columns-is-layout-flex\">\n<div class=\"wp-block-column is-layout-flow wp-block-column-is-layout-flow\"><\/div>\n\n\n\n<div class=\"wp-block-column is-layout-flow wp-block-column-is-layout-flow\"><\/div>\n\n\n\n<div class=\"wp-block-column is-layout-flow wp-block-column-is-layout-flow\"><\/div>\n<\/div>\n\n\n\n<p><\/p>\n\n\n\n<p><\/p>\n","protected":false},"excerpt":{"rendered":"<p>Rejoignez la Constellation d&rsquo;Eve et ses cinq mondes. Une autre Terre. (tome1, 446 pages) 2058, Yuna Asada est assign\u00e9e sur Paris, une station agonisante en orbite solaire. Vou\u00e9e \u00e0 un destin hors du commun, elle sera propuls\u00e9e dans un conflit plan\u00e9taire dont la port\u00e9e s\u2019\u00e9tend bien au-del\u00e0 de la galaxie. Fid\u00e8le \u00e0 la tradition ancestrale [&hellip;]<\/p>\n","protected":false},"author":1,"featured_media":0,"parent":0,"menu_order":0,"comment_status":"closed","ping_status":"closed","template":"","meta":{"footnotes":""},"class_list":["post-20","page","type-page","status-publish","hentry"],"yoast_head":"<!-- This site is optimized with the Yoast SEO plugin v22.3 - https:\/\/yoast.com\/wordpress\/plugins\/seo\/ -->\n<title>Yuna Asada - Yuna ASADA<\/title>\n<meta name=\"robots\" content=\"index, follow, max-snippet:-1, max-image-preview:large, max-video-preview:-1\" \/>\n<link rel=\"canonical\" href=\"https:\/\/yunaasada.com\/\" \/>\n<meta property=\"og:locale\" content=\"fr_FR\" \/>\n<meta property=\"og:type\" content=\"article\" \/>\n<meta property=\"og:title\" content=\"Yuna Asada - Yuna ASADA\" \/>\n<meta property=\"og:description\" content=\"Rejoignez la Constellation d&rsquo;Eve et ses cinq mondes. Une autre Terre. (tome1, 446 pages) 2058, Yuna Asada est assign\u00e9e sur Paris, une station agonisante en orbite solaire. Vou\u00e9e \u00e0 un destin hors du commun, elle sera propuls\u00e9e dans un conflit plan\u00e9taire dont la port\u00e9e s\u2019\u00e9tend bien au-del\u00e0 de la galaxie. Fid\u00e8le \u00e0 la tradition ancestrale [&hellip;]\" \/>\n<meta property=\"og:url\" content=\"https:\/\/yunaasada.com\/\" \/>\n<meta property=\"og:site_name\" content=\"Yuna ASADA\" \/>\n<meta property=\"article:modified_time\" content=\"2025-02-10T19:07:47+00:00\" \/>\n<meta property=\"og:image\" content=\"https:\/\/yunaasada.com\/wp-content\/uploads\/2024\/11\/Pre0413.jpg\" \/>\n<meta name=\"twitter:card\" content=\"summary_large_image\" \/>\n<meta name=\"twitter:label1\" content=\"Dur\u00e9e de lecture estim\u00e9e\" \/>\n\t<meta name=\"twitter:data1\" content=\"2 minutes\" \/>\n<script type=\"application\/ld+json\" class=\"yoast-schema-graph\">{\"@context\":\"https:\/\/schema.org\",\"@graph\":[{\"@type\":\"WebPage\",\"@id\":\"https:\/\/yunaasada.com\/\",\"url\":\"https:\/\/yunaasada.com\/\",\"name\":\"Yuna Asada - Yuna ASADA\",\"isPartOf\":{\"@id\":\"https:\/\/yunaasada.com\/#website\"},\"primaryImageOfPage\":{\"@id\":\"https:\/\/yunaasada.com\/#primaryimage\"},\"image\":{\"@id\":\"https:\/\/yunaasada.com\/#primaryimage\"},\"thumbnailUrl\":\"https:\/\/yunaasada.com\/wp-content\/uploads\/2024\/11\/Pre0413.jpg\",\"datePublished\":\"2024-04-03T04:40:37+00:00\",\"dateModified\":\"2025-02-10T19:07:47+00:00\",\"breadcrumb\":{\"@id\":\"https:\/\/yunaasada.com\/#breadcrumb\"},\"inLanguage\":\"fr-FR\",\"potentialAction\":[{\"@type\":\"ReadAction\",\"target\":[\"https:\/\/yunaasada.com\/\"]}]},{\"@type\":\"ImageObject\",\"inLanguage\":\"fr-FR\",\"@id\":\"https:\/\/yunaasada.com\/#primaryimage\",\"url\":\"https:\/\/yunaasada.com\/wp-content\/uploads\/2024\/11\/Pre0413.jpg\",\"contentUrl\":\"https:\/\/yunaasada.com\/wp-content\/uploads\/2024\/11\/Pre0413.jpg\",\"width\":570,\"height\":796},{\"@type\":\"BreadcrumbList\",\"@id\":\"https:\/\/yunaasada.com\/#breadcrumb\",\"itemListElement\":[{\"@type\":\"ListItem\",\"position\":1,\"name\":\"Accueil\",\"item\":\"https:\/\/yunaasada.com\/\"},{\"@type\":\"ListItem\",\"position\":2,\"name\":\"Yuna Asada\"}]},{\"@type\":\"WebSite\",\"@id\":\"https:\/\/yunaasada.com\/#website\",\"url\":\"https:\/\/yunaasada.com\/\",\"name\":\"Yuna ASADA\",\"description\":\"\",\"potentialAction\":[{\"@type\":\"SearchAction\",\"target\":{\"@type\":\"EntryPoint\",\"urlTemplate\":\"https:\/\/yunaasada.com\/?s={search_term_string}\"},\"query-input\":\"required name=search_term_string\"}],\"inLanguage\":\"fr-FR\"}]}<\/script>\n<!-- \/ Yoast SEO plugin. -->","yoast_head_json":{"title":"Yuna Asada - Yuna ASADA","robots":{"index":"index","follow":"follow","max-snippet":"max-snippet:-1","max-image-preview":"max-image-preview:large","max-video-preview":"max-video-preview:-1"},"canonical":"https:\/\/yunaasada.com\/","og_locale":"fr_FR","og_type":"article","og_title":"Yuna Asada - Yuna ASADA","og_description":"Rejoignez la Constellation d&rsquo;Eve et ses cinq mondes. Une autre Terre. (tome1, 446 pages) 2058, Yuna Asada est assign\u00e9e sur Paris, une station agonisante en orbite solaire. Vou\u00e9e \u00e0 un destin hors du commun, elle sera propuls\u00e9e dans un conflit plan\u00e9taire dont la port\u00e9e s\u2019\u00e9tend bien au-del\u00e0 de la galaxie. Fid\u00e8le \u00e0 la tradition ancestrale [&hellip;]","og_url":"https:\/\/yunaasada.com\/","og_site_name":"Yuna ASADA","article_modified_time":"2025-02-10T19:07:47+00:00","og_image":[{"url":"https:\/\/yunaasada.com\/wp-content\/uploads\/2024\/11\/Pre0413.jpg"}],"twitter_card":"summary_large_image","twitter_misc":{"Dur\u00e9e de lecture estim\u00e9e":"2 minutes"},"schema":{"@context":"https:\/\/schema.org","@graph":[{"@type":"WebPage","@id":"https:\/\/yunaasada.com\/","url":"https:\/\/yunaasada.com\/","name":"Yuna Asada - Yuna ASADA","isPartOf":{"@id":"https:\/\/yunaasada.com\/#website"},"primaryImageOfPage":{"@id":"https:\/\/yunaasada.com\/#primaryimage"},"image":{"@id":"https:\/\/yunaasada.com\/#primaryimage"},"thumbnailUrl":"https:\/\/yunaasada.com\/wp-content\/uploads\/2024\/11\/Pre0413.jpg","datePublished":"2024-04-03T04:40:37+00:00","dateModified":"2025-02-10T19:07:47+00:00","breadcrumb":{"@id":"https:\/\/yunaasada.com\/#breadcrumb"},"inLanguage":"fr-FR","potentialAction":[{"@type":"ReadAction","target":["https:\/\/yunaasada.com\/"]}]},{"@type":"ImageObject","inLanguage":"fr-FR","@id":"https:\/\/yunaasada.com\/#primaryimage","url":"https:\/\/yunaasada.com\/wp-content\/uploads\/2024\/11\/Pre0413.jpg","contentUrl":"https:\/\/yunaasada.com\/wp-content\/uploads\/2024\/11\/Pre0413.jpg","width":570,"height":796},{"@type":"BreadcrumbList","@id":"https:\/\/yunaasada.com\/#breadcrumb","itemListElement":[{"@type":"ListItem","position":1,"name":"Accueil","item":"https:\/\/yunaasada.com\/"},{"@type":"ListItem","position":2,"name":"Yuna Asada"}]},{"@type":"WebSite","@id":"https:\/\/yunaasada.com\/#website","url":"https:\/\/yunaasada.com\/","name":"Yuna ASADA","description":"","potentialAction":[{"@type":"SearchAction","target":{"@type":"EntryPoint","urlTemplate":"https:\/\/yunaasada.com\/?s={search_term_string}"},"query-input":"required name=search_term_string"}],"inLanguage":"fr-FR"}]}},"_links":{"self":[{"href":"https:\/\/yunaasada.com\/index.php?rest_route=\/wp\/v2\/pages\/20","targetHints":{"allow":["GET"]}}],"collection":[{"href":"https:\/\/yunaasada.com\/index.php?rest_route=\/wp\/v2\/pages"}],"about":[{"href":"https:\/\/yunaasada.com\/index.php?rest_route=\/wp\/v2\/types\/page"}],"author":[{"embeddable":true,"href":"https:\/\/yunaasada.com\/index.php?rest_route=\/wp\/v2\/users\/1"}],"replies":[{"embeddable":true,"href":"https:\/\/yunaasada.com\/index.php?rest_route=%2Fwp%2Fv2%2Fcomments&post=20"}],"version-history":[{"count":16,"href":"https:\/\/yunaasada.com\/index.php?rest_route=\/wp\/v2\/pages\/20\/revisions"}],"predecessor-version":[{"id":143,"href":"https:\/\/yunaasada.com\/index.php?rest_route=\/wp\/v2\/pages\/20\/revisions\/143"}],"wp:attachment":[{"href":"https:\/\/yunaasada.com\/index.php?rest_route=%2Fwp%2Fv2%2Fmedia&parent=20"}],"curies":[{"name":"wp","href":"https:\/\/api.w.org\/{rel}","templated":true}]}}